is the millions digit of 1523043?
1
What is the ten thousands digit of 26135569?
3
What is the millions digit of 1551055?
1
What is the thousands digit of 4605116?
5
What is the millions digit of 23602095?
3
What is the tens digit of 231165?
6
What is the hundred thousands digit of 163646?
1
What is the hundred thousands digit of 1738147?
7
What is the thousands digit of 150177?
0
What is the units digit of 298143?
3
What is the units digit of 708859?
9
What is the hundreds digit of 73872?
8
What is the ten thousands digit of 829924?
2
What is the hundreds digit of 17521?
5
What is the tens digit of 188815?
1
What is the hundreds digit of 2511059?
0
What is the thousands digit of 16460760?
0
What is the hundred thousands digit of 6166300?
1
What is the thousands digit of 16652991?
2
What is the hundreds digit of 7950318?
3
What is the tens digit of 104107?
0
What is the thousands digit of 275086?
5
What is the units digit of 14898695?
5
What is the units digit of 2896929?
9
What is the thousands digit of 23990576?
0
What is the units digit of 609839?
9
What is the thousands digit of 501051?
1
What is the ten thousands digit of 5396307?
9
What is the tens digit of 6597677?
7
What is the hundreds digit of 5667800?
8
What is the millions digit of 3817397?
3
What is the millions digit of 12854146?
2
What is the hundred thousands digit of 38949458?
9
What is the hundred thousands digit of 17407705?
4
What is the units digit of 12497358?
8
What is the millions digit of 5516048?
5
What is the ten thousands digit of 8906780?
0
What is the hundreds digit of 64389?
3
What is the tens digit of 34120240?
4
What is the hundreds digit of 387804?
8
What is the hundreds digit of 2966187?
1
What is the units digit of 285320?
0
What is the hundred thousands digit of 193449?
1
What is the millions digit of 1232907?
1
What is the hundred thousands digit of 699245?
6
What is the units digit of 590695?
5
What is the thousands digit of 9716191?
6
What is the ten thousands digit of 5396387?
9
What is the units digit of 31742?
2
What is the hundreds digit of 75138?
1
What is the hundreds digit of 25091061?
0
What is the thousands digit of 4866982?
6
What is the thousands digit of 893831?
3
What is the ten thousands digit of 64181?
6
What is the units digit of 1713683?
3
What is the units digit of 3201817?
7
What is the units digit of 221227?
7
What is the tens digit of 3338313?
1
What is the ten thousands digit of 35863?
3
What is the tens digit of 1272265?
6
What is the tens digit of 187398?
9
What is the millions digit of 5350397?
5
What is the hundred thousands digit of 9517646?
5
What is the hundreds digit of 16341?
3
What is the ten thousands digit of 933246?
3
What is the tens digit of 15200308?
0
What is the thousands digit of 216546?
6
What is the millions digit of 1726852?
1
What is the hundred thousands digit of 8414263?
4
What is the tens digit of 11523?
2
What is the tens digit of 1866752?
5
What is the tens digit of 16181951?
5
What is the thousands digit of 68940?
8
What is the ten thousands digit of 151977?
5
What is the units digit of 6813986?
6
What is the ten thousands digit of 882927?
8
What is the thousands digit of 249748?
9
What is the hundreds digit of 1578974?
9
What is the units digit of 78798?
8
What is the units digit of 174307?
7
What is the hundreds digit of 17102775?
7
What is the units digit of 4067036?
6
What is the millions digit of 1122748?
1
What is the tens digit of 21687643?
4
What is the hundred thousands digit of 907045?
9
What is the tens digit of 202042?
4
What is the hundred thousands digit of 4278099?
2
What is the hundred thousands digit of 221873?
2
What is the ten thousands digit of 1896165?
9
What is the millions digit of 8789694?
8
What is the thousands digit of 1742780?
2
What is the units digit of 260723?
3
What is the hundreds digit of 8560397?
3
What is the ten thousands digit of 154615?
5
What is the thousands digit of 3119167?
9
What is the hundreds digit of 1490697?
6
What is the hundreds digit of 404672?
6
What is the hundred thousands digit of 235366?
2
What is the thousands digit of 1098600?
8
What is the hundred thousands digit of 386130?
3
What is the hundred thousands digit of 311446?
3
What is the ten thousands digit of 11096088?
9
What is the hundreds digit of 1602295?
2
What is the hundreds digit of 1387232?
2
What is the ten millions digit of 14999058?
1
What is the thousands digit of 31705?
1
What is the hundred thousands digit of 305267?
3
What is the hundred thousands digit of 4747081?
7
What is the hundreds digit of 56467?
4
What is the thousands digit of 5659190?
9
What is the ten thousands digit of 140502?
4
What is the hundred thousands digit of 222541?
2
What is the tens digit of 441453?
5
What is the ten thousands digit of 7814335?
1
What is the hundreds digit of 53045?
0
What is the hundred thousands digit of 1069791?
0
What is the thousands digit of 3058029?
8
What is the hundred thousands digit of 236094?
2
What is the ten thousands digit of 1907088?
0
What is the thousands digit of 9097829?
7
What is the hundreds digit of 4901165?
1
What is the hundred thousands digit of 11093640?
0
What is the hundreds digit of 1469940?
9
What is the thousands digit of 106695?
6
What is the ten thousands digit of 627767?
2
What is the tens digit of 5732570?
7
What is the units digit of 364567?
7
What is the units digit of 6392?
2
What is the millions digit of 19238895?
9
What is the hundred thousands digit of 1598869?
5
What is the units digit of 23470?
0
What is the thousands digit of 266444?
6
What is the thousands digit of 524145?
4
What is the tens digit of 29514128?
2
What is the millions digit of 16160998?
6
What is the ten thousands digit of 1470641?
7
What is the tens digit of 7001628?
2
What is the thousands digit of 442950?
2
What is the millions digit of 4540330?
4
What is the thousands digit of 695013?
5
What is the thousands digit of 2743576?
3
What is the units digit of 7943219?
9
What is the millions digit of 1657493?
1
What is the millions digit of 26154229?
6
What is the ten thousands digit of 1233325?
3
What is the hundreds digit of 9431?
4
What is the units digit of 1014360?
0
What is the ten thousands digit of 562006?
6
What is the millions digit of 1886711?
1
What is the thousands digit of 22090?
2
What is the hundred thousands digit of 136872?
1
What is the tens digit of 7811276?
7
What is the hundreds digit of 2216882?
8
What is the millions digit of 13152597?
3
What is the hundred thousands digit of 2733729?
7
What is the hundred thousands digit of 4174122?
1
What is the units digit of 24341423?
3
What is the millions digit of 15518123?
5
What is the hundreds digit of 15838749?
7
What is the ten thousands digit of 185743?
8
What is the units digit of 320781?
1
What is the hundreds digit of 85492?
4
What is the ten thousands digit of 401229?
0
What is the thousands digit of 516962?
6
What is the hundreds digit of 5269430?
4
What is the units digit of 1720735?
5
What is the tens digit of 20505511?
1
What is the ten thousands digit of 999543?
9
What is the hundreds digit of 889190?
1
What is the hundreds digit of 5858459?
4
What is the hundreds digit of 1112466?
4
What is the hundred thousands digit of 3683088?
6
What is the hundreds digit of 804993?
9
What is the thousands digit of 19611182?
1
What is the hundreds digit of 2268602?
6
What is the ten thousands digit of 147246?
4
What is the hundred thousands digit of 10350480?
3
What is the units digit of 9525249?
9
What is the tens digit of 3260397?
9
What is the units digit of 3519663?
3
What is the hundred thousands digit of 3606633?
6
What is the units digit of 8039474?
4
What is the hundred thousands digit of 9039623?
0
What is the hundred thousands digit of 22503676?
5
What is the thousands digit of 268723?
8
What is the thousands digit of 13408796?
8
What is the ten thousands digit of 2136063?
3
What is the tens digit of 450441?
4
What is the tens digit of 121300?
0
What is the tens digit of 1196015?
1
What is the millions digit of 3196271?
3
What is the millions digit of 1062267?
1
What is the hundreds digit of 137855?
8
What is the hundreds digit of 8546484?
4
What is the hundred thousands digit of 28450511?
4
What is the 